{"id":790,"date":"2011-04-03T18:34:23","date_gmt":"2011-04-03T16:34:23","guid":{"rendered":"http:\/\/www.valmiera.adventisti.lv\/?page_id=790"},"modified":"2023-10-29T02:05:09","modified_gmt":"2023-10-29T00:05:09","slug":"sabatskola","status":"publish","type":"page","link":"https:\/\/www.valmiera.adventisti.lv\/?page_id=790","title":{"rendered":"Sabatskola"},"content":{"rendered":"<h3 align=\"center\"><a class=\"red\" href=\"http:\/\/www.valmiera.adventisti.lv\/wp-content\/uploads\/2023\/10\/ss_lv.pdf\" target=\"blanc\" rel=\"noopener noreferrer\"><img decoding=\"async\" style=\"margin: 5px; border: 0pt none;\" src=\"http:\/\/www.valmiera.adventisti.lv\/wp-content\/uploads\/2023\/10\/87.jpg\" width=\"300\" height=\"auto\" align=\"middle\" border=\"0\" \/><br \/>\nSabatskolas materi\u0101li (latvie\u0161u valod\u0101, pdf)<br \/>\n\u041c\u0430\u0442\u0435\u0440\u0438\u0430\u043b\u044b \u0441\u0443\u0431\u0431\u043e\u0442\u043d\u0435\u0439 \u0448\u043a\u043e\u043b\u044b \u043d\u0430 \u043b\u0430\u0442\u044b\u0448\u0441\u043a\u043e\u043c \u044f\u0437\u044b\u043a\u0435 \u0432 \u0444\u043e\u0440\u043c\u0430\u0442\u0435 pdf)<\/a><\/h3>\n<h3 align=\"center\"><a class=\"red\" href=\"http:\/\/www.valmiera.adventisti.lv\/wp-content\/uploads\/2023\/10\/ss_ru.pdf\" target=\"blanc\" rel=\"noopener noreferrer\"><img decoding=\"async\" style=\"margin: 5px; border: 0pt none;\" src=\"http:\/\/www.valmiera.adventisti.lv\/wp-content\/uploads\/2023\/10\/86.jpg\" width=\"300\" height=\"auto\" align=\"middle\" border=\"0\" \/><br \/>\nSabatskolas materi\u0101li (krievu valod\u0101, pdf)<br \/>\n\u041c\u0430\u0442\u0435\u0440\u0438\u0430\u043b\u044b \u0441\u0443\u0431\u0431\u043e\u0442\u043d\u0435\u0439 \u0448\u043a\u043e\u043b\u044b \u043d\u0430 \u0440\u0443\u0441\u0441\u043a\u043e\u043c \u044f\u0437\u044b\u043a\u0435 \u0432 \u0444\u043e\u0440\u043c\u0430\u0442\u0435 pdf)<\/a><\/h3>\n","protected":false},"excerpt":{"rendered":"<p>Sabatskolas materi\u0101li (latvie\u0161u valod\u0101, pdf) \u041c\u0430\u0442\u0435\u0440\u0438\u0430\u043b\u044b \u0441\u0443\u0431\u0431\u043e\u0442\u043d\u0435\u0439 \u0448\u043a\u043e\u043b\u044b \u043d\u0430 \u043b\u0430\u0442\u044b\u0448\u0441\u043a\u043e\u043c \u044f\u0437\u044b\u043a\u0435 \u0432 \u0444\u043e\u0440\u043c\u0430\u0442\u0435 pdf) Sabatskolas materi\u0101li (krievu valod\u0101, pdf) \u041c\u0430\u0442\u0435\u0440\u0438\u0430\u043b\u044b \u0441\u0443\u0431\u0431\u043e\u0442\u043d\u0435\u0439 \u0448\u043a\u043e\u043b\u044b \u043d\u0430 \u0440\u0443\u0441\u0441\u043a\u043e\u043c \u044f\u0437\u044b\u043a\u0435 \u0432 \u0444\u043e\u0440\u043c\u0430\u0442\u0435 pdf)<\/p>\n","protected":false},"author":5,"featured_media":0,"parent":0,"menu_order":0,"comment_status":"open","ping_status":"open","template":"","meta":{"jetpack_post_was_ever_published":false,"footnotes":""},"class_list":["post-790","page","type-page","status-publish","hentry"],"jetpack_shortlink":"https:\/\/wp.me\/PcEKB-cK","jetpack_sharing_enabled":true,"_links":{"self":[{"href":"https:\/\/www.valmiera.adventisti.lv\/index.php?rest_route=\/wp\/v2\/pages\/790","targetHints":{"allow":["GET"]}}],"collection":[{"href":"https:\/\/www.valmiera.adventisti.lv\/index.php?rest_route=\/wp\/v2\/pages"}],"about":[{"href":"https:\/\/www.valmiera.adventisti.lv\/index.php?rest_route=\/wp\/v2\/types\/page"}],"author":[{"embeddable":true,"href":"https:\/\/www.valmiera.adventisti.lv\/index.php?rest_route=\/wp\/v2\/users\/5"}],"replies":[{"embeddable":true,"href":"https:\/\/www.valmiera.adventisti.lv\/index.php?rest_route=%2Fwp%2Fv2%2Fcomments&post=790"}],"version-history":[{"count":97,"href":"https:\/\/www.valmiera.adventisti.lv\/index.php?rest_route=\/wp\/v2\/pages\/790\/revisions"}],"predecessor-version":[{"id":3851,"href":"https:\/\/www.valmiera.adventisti.lv\/index.php?rest_route=\/wp\/v2\/pages\/790\/revisions\/3851"}],"wp:attachment":[{"href":"https:\/\/www.valmiera.adventisti.lv\/index.php?rest_route=%2Fwp%2Fv2%2Fmedia&parent=790"}],"curies":[{"name":"wp","href":"https:\/\/api.w.org\/{rel}","templated":true}]}}